 divided by 54.
43
Calculate the remainder when 300 is divided by 39.
27
Calculate the remainder when 2497 is divided by 989.
519
Calculate the remainder when 8395 is divided by 17.
14
What is the remainder when 5591 is divided by 5?
1
Calculate the remainder when 106395 is divided by 42.
9
What is the remainder when 1526 is divided by 84?
14
What is the remainder when 41063 is divided by 30?
23
What is the remainder when 47938 is divided by 186?
136
What is the remainder when 677 is divided by 5?
2
What is the remainder when 4474 is divided by 233?
47
What is the remainder when 103391 is divided by 183?
179
What is the remainder when 90689 is divided by 30?
29
What is the remainder when 3800776 is divided by 295?
291
What is the remainder when 1771 is divided by 860?
51
Calculate the remainder when 4421 is divided by 41.
34
Calculate the remainder when 7706 is divided by 171.
11
What is the remainder when 6001 is divided by 1987?
40
What is the remainder when 6604 is divided by 147?
136
Calculate the remainder when 728109 is divided by 33.
30
What is the remainder when 10693 is divided by 8?
5
Calculate the remainder when 71599 is divided by 786.
73
What is the remainder when 602674 is divided by 11817?
7
Calculate the remainder when 1850360 is divided by 85.
80
What is the remainder when 151382 is divided by 2911?
10
What is the remainder when 12885 is divided by 4287?
24
What is the remainder when 12932 is divided by 71?
10
What is the remainder when 92730 is divided by 448?
442
What is the remainder when 10323 is divided by 3437?
12
What is the remainder when 3892 is divided by 118?
116
Calculate the remainder when 2341 is divided by 392.
381
Calculate the remainder when 498727 is divided by 187.
185
What is the remainder when 4613 is divided by 524?
421
Calculate the remainder when 30746 is divided by 3837.
50
Calculate the remainder when 70643 is divided by 225.
218
Calculate the remainder when 2474 is divided by 617.
6
Calculate the remainder when 24513 is divided by 145.
8
Calculate the remainder when 32318 is divided by 7.
6
Calculate the remainder when 15773 is divided by 3936.
29
Calculate the remainder when 168379 is divided by 353.
351
Calculate the remainder when 32476 is divided by 223.
141
What is the remainder when 118941 is divided by 185?
171
Calculate the remainder when 716 is divided by 77.
23
What is the remainder when 43259 is divided by 12?
11
Calculate the remainder when 11291 is divided by 343.
315
What is the remainder when 38057 is divided by 71?
1
What is the remainder when 1168 is divided by 19?
9
Calculate the remainder when 21503 is divided by 110.
53
What is the remainder when 41893 is divided by 119?
5
Calculate the remainder when 47255 is divided by 9.
5
Calculate the remainder when 619119 is divided by 17197.
27
Calculate the remainder when 2626 is divided by 1310.
6
Calculate the remainder when 174229 is divided by 277.
273
Calculate the remainder when 70565 is divided by 3068.
1
Calculate the remainder when 1095610 is divided by 550.
10
What is the remainder when 15680 is divided by 392?
0
Calculate the remainder when 4607 is divided by 204.
119
Calculate the remainder when 43450 is divided by 1059.
31
Calculate the remainder when 4977 is divided by 189.
63
Calculate the remainder when 2835 is divided by 566.
5
What is the remainder when 4065 is divided by 860?
625
Calculate the remainder when 30756 is divided by 50.
6
What is the remainder when 32483 is divided by 21?
17
Calculate the remainder when 1081395 is divided by 409.
408
Calculate the remainder when 3840 is divided by 240.
0
What is the remainder when 2804 is divided by 61?
59
Calculate the remainder when 7985 is divided by 2545.
350
Calculate the remainder when 19458 is divided by 720.
18
Calculate the remainder when 32100 is divided by 92.
84
What is the remainder when 2284 is divided by 55?
29
What is the remainder when 14559 is divided by 56?
55
What is the remainder when 3486 is divided by 413?
182
Calculate the remainder when 55677 is divided by 366.
45
Calculate the remainder when 11929 is divided by 5962.
5
Calculate the remainder when 108384 is divided by 292.
52
Calculate the remainder when 14477 is divided by 25.
2
What is the remainder when 14137 is divided by 428?
13
What is the remainder when 16400 is divided by 1356?
128
What is the remainder when 270064 is divided by 874?
872
Calculate the remainder when 103428 is divided by 138.
66
What is the remainder when 266456 is divided by 41?
38
Calculate the remainder when 17635 is divided by 33.
13
Calculate the remainder when 5060 is divided by 125.
60
Calculate the remainder when 2267 is divided by 2263.
4
What is the remainder when 39024 is divided by 131?
117
What is the remainder when 87119 is divided by 43554?
11
Calculate the remainder when 58611 is divided by 34.
29
What is the remainder when 6268 is divided by 25?
18
What is the remainder when 3074 is divided by 761?
30
What is the remainder when 2006 is divided by 16?
6
Calculate the remainder when 111687 is divided by 22.
15
What is the remainder when 40739 is divided by 6767?
137
What is the remainder when 27449 is divided by 264?
257
What is the remainder when 48697 is divided by 191?
183
What is the remainder when 2201341 is divided by 559?
558
What is the remainder when 822 is divided by 5?
2
Calculate the remainder when 1992 is divided by 663.
3
What is the remainder when 1955959 is divided by 202?
195
Calculate the remainder when 12496 is divided by 6079.
338
Calculate the remainder when 2014 is divided by 253.
243
What is the remainder when 110076 is divided by 155?
26
Calculate the remainder when 6913 is divided by 110.
93
Calculate the remainder when 53967 is divided by 164.
11
Calculate the remainder when 61980 is divided by 185.
5
Calculate the remainder when 21431 is divided by 130.
111
What is the remainder when 3847 is divided by 1834?
179
What is the remainder when 4307 is divided by 722?
697
What is the remainder when 2117 is divided by 687?
56
What is the remainder when 12997 is divided by 2599?
2
What is the remainder when 878433 is divided by 53?
11
Calculate the remainder when 10240 is divided by 10220.
20
What is the remainder when 45438 is divided by 631?
6
Calculate the remainder when 7993 is divided by 470.
3
Calculate the remainder when 11249 is divided by 3743.
20
Calculate the remainder when 5267 is divided by 1504.
755
What is the remainder when 18079 is divided by 355?
329
Calculate the remainder when 257946 is divided by 24.
18
Calculate the remainder when 2453 is divided by 123.
116
Calculate the remainder when 9069 is divided by 116.
21
What is the remainder when 123134 is divided by 8?
6
What is the remainder when 32546 is divided by 21?
17
What is the remainder when 50287 is divided by 495?
292
Calculate the remainder when 488 is divided by 161.
5
What is the remainder when 4605 is divided by 4536?
69
What is the remainder when 38317 is divided by 441?
391
Calculate the remainder when 951 is divided by 329.
293
Calculate the remainder when 499559 is divided by 181.
180
What is the remainder when 8816 is divided by 1018?
672
Calculate the remainder when 73633 is divided by 182.
105
Calculate the remainder when 223537 is divided by 10.
7
Calculate the remainder when 3539 is divided by 1162.
53
Calculate the remainder when 2621 is divided by 772.
305
Calculate the remainder when 55294 is divided by 32.
30
Calculate the remainder when 730 is divided by 201.
127
Calculate the remainder when 239207 is divided by 179.
63
Calculate the remainder when 30868 is divided by 95.
88
What is the remainder when 48140 is divided by 6011?
52
What is the remainder when 2900 is divided by 170?
10
Calculate the remainder when 1553 is divided by 69.
35
Calculate the remainder when 27542 is divided by 13770.
2
What is the remainder when 32303 is divided by 16146?
11
What is the remainder when 131218 is divided by 92?
26
What is the remainder when 541475 is divided by 1719?
1709
What is the remainder when 2724284 is divided by 672?
668
What is the remainder when 26056 is divided by 219?
214
What is the remainder when 7529 is divided by 110?
49
Calculate the remainder when 22097 is divided by 7365.
2
Calculate th